8. Let r(w) = -w**3 + 5*w**2 + 5*w + 1. Let z be r(6). Calculate p(z).
7
Let g(r) = 7*r + 7 - 7. Suppose o + 4 = -o. Determine g(o).
-14
Suppose -5*r - 17 = 13. Let o(g) be the second derivative of g**4/12 + 4*g**3/3 + 4*g**2 - 2*g. What is o(r)?
-4
Let i(y) = y**2 - 2. Let w(h) = h**2 - h - 3. Let m(l) = -2*i(l) + 3*w(l). Calculate m(4).
-1
Suppose 3*k - k = 2*g - 2, 0 = 4*k - g + 10. Let v(j) be the first derivative of -j**3/3 - j**2/2 + j - 1. Determine v(k).
-5
Let s(k) be the third derivative of 2*k**5/15 - k**3/6 - 9*k**2. Calculate s(-1).
7
Let v = 8 + -6. Let l(t) = -t**3 + 2*t - 3*t**2 + 0*t - t + 2 + 4*t**2. Calculate l(v).
0
Let s(z) be the first derivative of -z**2 - 6*z + 4. Calculate s(-4).
2
Let p(x) = 7 - 7*x + x**2 - 1 - 2 + 3*x. Determine p(4).
4
Suppose 5*f - 3*d + 10 = d, -2*f = -2*d + 4. Let k(q) = 7*q - 2. Calculate k(f).
-16
Let m(r) = -r**3 - 5*r**2 + r - 1. Let p be (1 - 2) + -5 + -1 + 2. Determine m(p).
-6
Suppose -6 = 54*d - 51*d. Let q(y) be the second derivative of -y**4/12 + y**3/6 - y**2/2 + y. Calculate q(d).
-7
Let t(d) = -d**2 - 2*d + 3. Let z(r) be the third derivative of -r**5/30 - r**4/24 + 2*r**3/3 - 5*r**2. Let j(x) = -3*t(x) + 2*z(x). Determine j(4).
-1
Let o(u) = 18*u**3 - 3*u**2 + 7*u + 5. Let d(h) = 9*h**3 - h**2 + 3*h + 2. Let t(w) = 7*d(w) - 3*o(w). What is t(1)?
10
Suppose -4*s - 14 = -11*s. Let c(w) be the first derivative of 1/2*w**4 - w + 0*w**s + 2 + 0*w**3. Give c(-1).
-3
Let s(b) = 5*b**2 - 10*b - 7. Suppose -n + 3*n = -34. Let t(u) = -14*u**2 + 29*u + 20. Let p(f) = n*s(f) - 6*t(f). What is p(-4)?
-1
Let x(q) = -q + 1. Suppose 0*n + n - 2*y = -3, -2*n - 4*y - 6 = 0. Let k(z) = 2*z - 14. Let i(t) = n*x(t) - k(t). Determine i(-6).
5
Let q(a) = -a**3 - 8*a**2 + 8*a + 2. Let v = -11 - -2. Let n be q(v). Suppose 5*f + i - 13 = 0, 0 = -2*f - 0*i + 5*i - n. Let l(y) = 2*y + 1. Give l(f).
5
Let u = 57 - 62. Let b(w) = -w**2 - 7*w - 5. Give b(u).
5
Let h(c) = -4*c + 34. Let i be h(8). Let l(z) = -z**3 + 2*z**2 - 3*z + 1. Determine l(i).
-5
Let s(m) = 4*m + 1. Let y(k) = -k**3 + k**2 + k. Let d be y(-1). Give s(d).
5
Let l(d) = -3*d + 7. Let r(p) = p**3 - 10*p**2 + 2. Let q be r(10). Let y(f) = 3*f - 1. Let a be y(q). Calculate l(a).
-8
Suppose -r + 2*t = -12, -25 = 2*t + 3*t. Let q(o) = -o**3 + o**2 - 2*o - 1. What is q(r)?
-9
Let o(x) = x - 8. Let r(y) = -4*y**2 + 32*y + 9. Let b be r(8). Calculate o(b).
1
Let n(d) = 5*d + 1. Suppose 3 - 4 = -f. Let v(p) = -3*p**2 + 1. Let l be v(f). What is n(l)?
-9
Suppose -y = -0*y + 5. Let a(g) = g + 7. Let i be a(y). Let b(c) = c + i*c**2 + c + 2 - c. Calculate b(-2).
8
Let h(r) = -r**3 + r**2 + r + 1. Let u(s) = -s**3 + 5*s**2 + 6. Let m(x) = -2*h(x) + u(x). Suppose -6 = 3*l + 6, 5*l + 16 = n. What is m(n)?
-4
Let m(v) = -24*v**2 + 6*v**3 + 1 + 24*v**2. Suppose 3*i = -3*b, -2*i + 2 = b + 3. Calculate m(b).
7
Let r(y) be the third derivative of -y**7/840 + y**6/120 + y**5/24 - 5*y**4/24 - y**3/3 + 2*y**2. Let u(l) be the first derivative of r(l). What is u(4)?
-1
Let s = 17 - 10. Suppose -2*h - s - 3 = 0. Let d(b) = -7*b**2 - 2*b**3 + 3*b**2 + 7*b + b**3 + 4. Give d(h).
-6
Let j(i) = i**2 - i - 1. Suppose -4*m - 1 = -0*z + z, 0 = -3*z + 3*m + 12. Determine j(z).
5
Let h = -4 + 4. Let k(g) = -6*g + h*g + 3*g - 1 - 6*g. Determine k(-1).
8
Suppose -m = -2*y + 9, -30 = 5*m - 2*y - 1. Let f(h) be the second derivative of -1/12*h**4 - 3/2*h**2 - h - 7/6*h**3 + 0. Give f(m).
7
Let v(r) = 6*r**3 + 7*r**2 + 6*r + 8. Let t(q) = 6*q**3 + 6*q**2 + 5*q + 7. Let z(u) = -7*t(u) + 6*v(u). Determine z(1).
-6
Suppose 2 = x, 2*x = -3*t - 0*x - 32. Let j be t/3*1*-2. Suppose -v - v - j = 0. Let f(u) = -u**3 - 5*u**2 - 5*u. Calculate f(v).
4
Let f(u) = -u**2 + u - 5. Let x = -3 - -9. Suppose -4*m + 4 = 0, 2*l = -x*m + 2*m + 4. Calculate f(l).
-5
Let m(s) = -s**2 - s. Let u(t) = 7*t**2 + 12*t + 4. Let o(l) = -5*m(l) - u(l). Determine o(-4).
-8
Let i(v) = -3*v - 10. Let g be i(-4). Let o(m) = -4*m + 3. Give o(g).
-5
Let j(v) = -14 + v + 8 + 7. Let s = 9 + -3. Give j(s).
7
Let d be -16*(2 + 5/(-2)). Let v be (d/12)/((-2)/(-3)). Let j(o) be the first derivative of 2*o**2 - o + 2. Determine j(v).
3
Let v(l) = -3*l + 5. Let q(b) = -b**2 + 7*b - 11. Let u(x) = 4*q(x) + 9*v(x). Give u(-2).
-17
Let b = 16 + -17. Let i(g) be the third derivative of -g**6/40 - g**4/24 - 2*g**2. Calculate i(b).
4
Suppose 0 = 4*p - 13 - 7, -2*p = 4*v - 34. Let i(b) = -4*b**3 + 8*b**2 + b + 4. Let g(j) = 7*j**3 - 15*j**2 - 3*j - 8. Let m(n) = 3*g(n) + 5*i(n). What is m(v)?
8
Let w(b) = -b + 1. Let m be w(3). Let v be 1*(m + 0) + 6. Let r(y) = -y**3 + 3*y**2 + 2*y + 4. Calculate r(v).
-4
Let a(s) be the second derivative of 7*s**6/720 + s**5/120 + s**4/4 + 4*s. Let n(j) be the third derivative of a(j). Calculate n(2).
15
Let c(m) = -3*m**3 - m**2 + m - 1. Let s(z) = -z**3 + 6*z**2 - z + 7. Let h be (18/(-15))/((-2)/10). Suppose 0*t = t - h. Let p be s(t). Give c(p).
-4
Let k(m) = -m + 6. Let h = -49 + 54. Give k(h).
1
Let p(w) be the second derivative of -2*w**3/3 - w**2/2 - 2*w. Let n = -9 - -13. Suppose 3*t + 0*t + 5 = -2*s, -5*t - 1 = -n*s. Determine p(s).
3
Let j(n) be the first derivative of -n**4/4 + 2*n**3 - 2*n**2 - 7*n - 45. Let l = 6 + -1. Determine j(l).
-2
Suppose 13*p = 53 + 38. Let s(h) = h**3 - 8*h**2 + 8*h - 8. Give s(p).
-1
Let g(f) = -2*f. Let o(l) = l**2 - l - 1. Let b(r) = -g(r) + o(r). Let c be (-15)/20 - 9/4. Give b(c).
5
Let v be 2*(-2 + 3) - 0. Let q(f) = 3*f - 1. Let r be q(2). Let c(p) = 0*p**v + 0*p**2 - p**2 - r*p**3. Calculate c(-1).
4
Suppose -3*d + 3*q = -q, 2*d = 4*q. Let j(t) be the third derivative of t**2 + 0 + d*t + 2/3*t**3 - 1/6*t**4. What is j(3)?
-8
Let c = -49 + 54. Let t = 4 - 2. Let b(w) = w**3 - 5*w**t + 3*w - 2*w - 3 + w. What is b(c)?
7
Let l(y) be the third derivative of -y**7/840 + y**6/90 + y**5/40 + y**4/24 + y**3/2 - y**2. Let w(u) be the first derivative of l(u). Give w(5).
-9
Let k(s) be the second derivative of -7/12*s**4 - 3/2*s**2 - s**3 - 1/20*s**5 + 0 - 2*s. Give k(-6).
-3
Let m(n) = -4*n - 20. Let u be m(-4). Let p(a) = a**3 + 4*a**2 + a + 1. Determine p(u).
-3
Let a(y) = -5*y**2 + 5*y - 3. Let i(t) = 14*t**2 - 14*t + 9. Let m(j) = 11*a(j) + 4*i(j). Let k be 10/4 - (-2)/4. Calculate m(k).
9
Let h(t) = 2*t**3 - 7*t**2 + 4*t + 2. Let r(a) = 5*a + 0*a**3 - 4 + 5 + 3*a**3 - 8*a**2. Let i(d) = 4*h(d) - 3*r(d). Calculate i(-4).
1
Let u(d) be the first derivative of d**2/2 - 4*d + 3. What is u(6)?
2
Let k(w) = w + 5. Let r(t) = -8*t**3 - 5*t**2 - t. Let v(q) = -q**3 - q**2. Let p(g) = -r(g) + 3*v(g). Let m be p(-1). Determine k(m).
1
Suppose 76 = 5*x - 0*o + 2*o, 8 = -4*o. Suppose 0*r = -4*r + x. Suppose -5*d + 6 = p, 0 = -4*d + r + 4. Let j(v) = -v**2 - 2*v + 2. Determine j(p).
-6
Let g(k) = k**2 - 2*k + 3 - 2*k + 0*k + 9*k. Let m be (-2)/9 + 25/(-9). Calculate g(m).
-3
Let h(k) be the first derivative of k**3/3 + 7*k**2/2 + 5*k + 11. Calculate h(-4).
-7
Let z(u) = u. Suppose 11*x = 6*x + 20. Suppose -5*f + 10 = -3*f. Suppose 0 = -5*s - f, 11 = 3*j + x*s. Give z(j).
5
Let c(r) = -7*r**2 + 1. Let q be (-2)/(-7) + 100/140. What is c(q)?
-6
Let a(g) = 5*g**3 + 1 + 4*g**2 - g - 23*g**3 - 3*g**2 + 8*g**3. Calculate a(1).
-9
Let p(g) be the second derivative of 0 - 1/3*g**3 - 1/30*g**5 + 2*g + 1/120*g**6 + 1/2*g**2 - 1/24*g**4. Let u(r) be the first derivative of p(r). What is u(3)?
4
Let k(v) be the second derivative of -v**5/20 + v**4/3 - v**3/6 + 3*v**2/2 - 15*v. Determine k(3).
9
Let s(q) = q**3 + 6*q**2 - q + 2. Let t = 36 - 42. Give s(t).
8
Let p(i) be the second derivative of -i**3/6 - 5*i**2 - 56*i. Calculate p(-7).
-3
Suppose 0 = -21*y + 16*y. Let w(c) = c - 5. Give w(y).
-5
Let j(o) be the third derivative of -o**7/504 + o**6/720 - o**4/12 - 3*o**2. Let g(v) be the second derivative of j(v). Give g(1).
-4
Let k(u) be the third derivative of u**8/10080 + u**6/720 + u**5/15 + 4*u**2. Let n(o) be the third derivative of k(o). Calculate n(-1).
3
Let x(f) = -f - 3. Let v be x(-7). Let s(g) = 2 + g - g + v*g. Determine s(-2).
-6
Let b = -9 - -9. Let x(p) = -p + 11. Determine x(b).
11
Let p(l) be the second derivative of l**4/12 - l**2/2 + 3*l. Let q(x) = -x**3 - 6*x**2 - 7*x - 7. Let s be (1 + -3 - -1) + -4. Let w be q(s). Determine p(w).
8
Let a(x) = x. Let